{"id":2814,"date":"2024-07-29T16:01:23","date_gmt":"2024-07-29T19:01:23","guid":{"rendered":"https:\/\/isfd6015-sal.infd.edu.ar\/sitio\/?page_id=2814"},"modified":"2024-08-12T15:27:47","modified_gmt":"2024-08-12T18:27:47","slug":"programas-de-las-materias-de-la-tecnicatura-superior-en-enfermeria-intercultural-bilingue","status":"publish","type":"page","link":"https:\/\/isfd6015-sal.infd.edu.ar\/sitio\/programas-de-las-materias-de-la-tecnicatura-superior-en-enfermeria-intercultural-bilingue\/","title":{"rendered":"Programas de las materias de la Tecnicatura Superior en Enfermer\u00eda Intercultural Biling\u00fce"},"content":{"rendered":"\n<p>Aqu\u00ed podr\u00e1s descargar los programas de la materias de la carrera del&nbsp;<strong>Tecnicatura Superior en Enfermer\u00eda Intercultural Biling\u00fce&nbsp;(Resoluci\u00f3n 091\/22).&nbsp;<\/strong>Selecciona la materia y hacer clic en descargar.<\/p>\n\n\n\n<figure class=\"wp-block-table is-style-stripes\"><table><tbody><tr><td>#<\/td><td><strong>Materia<\/strong><\/td><td class=\"has-text-align-center\" data-align=\"center\"><strong>A\u00f1o de<\/strong><br><strong>presentaci\u00f3n<\/strong><\/td><td class=\"has-text-align-center\" data-align=\"center\"><strong>Descargar <\/strong><br><strong>programas<\/strong><\/td><\/tr><tr><td>1.01<\/td><td><a href=\"https:\/\/drive.google.com\/file\/d\/1pBZhZmRL2YHqpPH4r048XAn-dvB16h-B\/view?usp=sharing\" target=\"_blank\" rel=\"noreferrer noopener\">LENGUA Y CULTURA IND\u00cdGENA I: FORTALECIMIENTO DE LA ORALIDAD<\/a><\/td><td class=\"has-text-align-center\" data-align=\"center\">2024<\/td><td class=\"has-text-align-center\" data-align=\"center\"><a href=\"https:\/\/drive.google.com\/file\/d\/1pBZhZmRL2YHqpPH4r048XAn-dvB16h-B\/view?usp=sharing\" target=\"_blank\" rel=\"noreferrer noopener\"><img decoding=\"async\" style=\"width: 35px;\" src=\"https:\/\/isfd6015-sal.infd.edu.ar\/sitio\/wp-content\/uploads\/2024\/07\/descargar-2.png\" alt=\"\"><\/a><\/td><\/tr><tr><td>1.02<\/td><td>PSICOLOG\u00cdA<\/td><td class=\"has-text-align-center\" data-align=\"center\"><\/td><td class=\"has-text-align-center\" data-align=\"center\"><img decoding=\"async\" style=\"width: 35px;\" src=\"https:\/\/isfd6015-sal.infd.edu.ar\/sitio\/wp-content\/uploads\/2024\/07\/pngwing.com_.png\" alt=\"no disponible\"><\/td><\/tr><tr><td>1.03<\/td><td>\u00c9TICA Y DEONTOLOG\u00cdA<\/td><td class=\"has-text-align-center\" data-align=\"center\"><\/td><td class=\"has-text-align-center\" data-align=\"center\"><img decoding=\"async\" style=\"width: 35px;\" src=\"https:\/\/isfd6015-sal.infd.edu.ar\/sitio\/wp-content\/uploads\/2024\/07\/pngwing.com_.png\" alt=\"no disponible\"><\/td><\/tr><tr><td>1.04<\/td><td>F\u00cdSICA Y QU\u00cdMICA APLICADA A LA ENFERMER\u00cdA<\/td><td class=\"has-text-align-center\" data-align=\"center\"><\/td><td class=\"has-text-align-center\" data-align=\"center\"><img decoding=\"async\" style=\"width: 35px;\" src=\"https:\/\/isfd6015-sal.infd.edu.ar\/sitio\/wp-content\/uploads\/2024\/07\/pngwing.com_.png\" alt=\"no disponible\"><\/td><\/tr><tr><td>1.05<\/td><td>SABERES Y CONOCIMIENTOS TRADICIONALES EN EL CAMPO DE LA<\/td><td class=\"has-text-align-center\" data-align=\"center\"><\/td><td class=\"has-text-align-center\" data-align=\"center\"><img decoding=\"async\" style=\"width: 35px;\" src=\"https:\/\/isfd6015-sal.infd.edu.ar\/sitio\/wp-content\/uploads\/2024\/07\/pngwing.com_.png\" alt=\"no disponible\"><\/td><\/tr><tr><td>1.06<\/td><td><a href=\"https:\/\/drive.google.com\/file\/d\/1XXdD__U7kllhB5sHtWPgu4AU1CuTgPJf\/view?usp=sharing\" target=\"_blank\" rel=\"noreferrer noopener\">FUNDAMENTO DE LA ENFERMER\u00cdA<\/a><\/td><td class=\"has-text-align-center\" data-align=\"center\">2024<\/td><td class=\"has-text-align-center\" data-align=\"center\"><a href=\"https:\/\/drive.google.com\/file\/d\/1XXdD__U7kllhB5sHtWPgu4AU1CuTgPJf\/view?usp=sharing\" target=\"_blank\" rel=\"noreferrer noopener\"><img decoding=\"async\" style=\"width: 35px;\" src=\"https:\/\/isfd6015-sal.infd.edu.ar\/sitio\/wp-content\/uploads\/2024\/07\/descargar-2.png\" alt=\"\"><\/a><\/td><\/tr><tr><td>1.07<\/td><td><a href=\"https:\/\/drive.google.com\/file\/d\/1XAfWK-KTT0YfWUW0aY7UvFaevW-Qdhfy\/view?usp=sharing\">SALUD P\u00daBLICA<\/a><\/td><td class=\"has-text-align-center\" data-align=\"center\">2024<\/td><td class=\"has-text-align-center\" data-align=\"center\"><a href=\"https:\/\/drive.google.com\/file\/d\/1XAfWK-KTT0YfWUW0aY7UvFaevW-Qdhfy\/view?usp=sharing\" target=\"_blank\" rel=\"noreferrer noopener\"><img decoding=\"async\" style=\"width: 35px;\" src=\"https:\/\/isfd6015-sal.infd.edu.ar\/sitio\/wp-content\/uploads\/2024\/07\/descargar-2.png\" alt=\"\"><\/a><\/td><\/tr><tr><td>1.08<\/td><td><a href=\"https:\/\/drive.google.com\/file\/d\/1zmDvquDldn80R-2AiTgs2j1PPd6N7w1Z\/view?usp=sharing\" target=\"_blank\" rel=\"noreferrer noopener\">BIOLOG\u00cdA Y ANATOM\u00cdA<\/a><\/td><td class=\"has-text-align-center\" data-align=\"center\">2024<\/td><td class=\"has-text-align-center\" data-align=\"center\"><a href=\"https:\/\/drive.google.com\/file\/d\/1zmDvquDldn80R-2AiTgs2j1PPd6N7w1Z\/view?usp=sharing\" target=\"_blank\" rel=\"noreferrer noopener\"><img decoding=\"async\" style=\"width: 35px;\" src=\"https:\/\/isfd6015-sal.infd.edu.ar\/sitio\/wp-content\/uploads\/2024\/07\/descargar-2.png\" alt=\"\"><\/a><\/td><\/tr><tr><td>1.09<\/td><td><a href=\"https:\/\/drive.google.com\/file\/d\/1_fstGc9KyJ6ufdgDZ9_ahQY7b-E_2phn\/view?usp=sharing\" target=\"_blank\" rel=\"noreferrer noopener\">LA SALUD EN LOS DERECHOS DE LOS PUEBLOS IND\u00cdGENAS<\/a><\/td><td class=\"has-text-align-center\" data-align=\"center\">2022<\/td><td class=\"has-text-align-center\" data-align=\"center\"><a href=\"https:\/\/drive.google.com\/file\/d\/1R2FPwENVKAqOtNPqFv2OdZ4NU4_jWjXY\/view?usp=sharing\" target=\"_blank\" rel=\"noreferrer noopener\"><img decoding=\"async\" style=\"width: 35px;\" src=\"https:\/\/isfd6015-sal.infd.edu.ar\/sitio\/wp-content\/uploads\/2024\/07\/descargar-2.png\" alt=\"\"><\/a><\/td><\/tr><tr><td>1.10<\/td><td>PR\u00c1CTICA PROFESIONAL I VALORACI\u00d3N GENERAL DEL SUJETO DE<\/td><td class=\"has-text-align-center\" data-align=\"center\"><\/td><td class=\"has-text-align-center\" data-align=\"center\"><a rel=\"noreferrer noopener\" href=\"https:\/\/drive.google.com\/file\/d\/1ARVW8VlOPKGCValo7jWTfO8gOyS-3dW_\/view?usp=sharing\" target=\"_blank\"><img decoding=\"async\" style=\"width: 35px;\" src=\"https:\/\/isfd6015-sal.infd.edu.ar\/sitio\/wp-content\/uploads\/2024\/07\/pngwing.com_.png\" alt=\"no disponible\"><\/a><\/td><\/tr><tr><td>2.11<\/td><td><a href=\"https:\/\/drive.google.com\/file\/d\/1R2FPwENVKAqOtNPqFv2OdZ4NU4_jWjXY\/view?usp=sharing\" target=\"_blank\" rel=\"noreferrer noopener\">LENGUA Y CULTURA IND\u00cdGENA II FORTALECIMIENTO DE LA ESCRITURA<\/a><\/td><td class=\"has-text-align-center\" data-align=\"center\">2024<\/td><td class=\"has-text-align-center\" data-align=\"center\"><img decoding=\"async\" style=\"width: 35px;\" src=\"https:\/\/isfd6015-sal.infd.edu.ar\/sitio\/wp-content\/uploads\/2024\/07\/descargar-2.png\" alt=\"\"><\/td><\/tr><tr><td>2.12<\/td><td>SABERES DIGITALES<\/td><td class=\"has-text-align-center\" data-align=\"center\"><\/td><td class=\"has-text-align-center\" data-align=\"center\"><img decoding=\"async\" style=\"width: 35px;\" src=\"https:\/\/isfd6015-sal.infd.edu.ar\/sitio\/wp-content\/uploads\/2024\/07\/pngwing.com_.png\" alt=\"no disponible\"><\/td><\/tr><tr><td>2.13<\/td><td><a href=\"https:\/\/drive.google.com\/file\/d\/1LvnrWEhyl_bcwnLp7gb64YXe9EqmGJdT\/view?usp=sharing\" target=\"_blank\" rel=\"noreferrer noopener\">MICROBIOLOG\u00cdA Y PARASITOLOG\u00cdA<\/a><\/td><td class=\"has-text-align-center\" data-align=\"center\">2024<\/td><td class=\"has-text-align-center\" data-align=\"center\"><a href=\"https:\/\/drive.google.com\/file\/d\/1LvnrWEhyl_bcwnLp7gb64YXe9EqmGJdT\/view?usp=sharing\" target=\"_blank\" rel=\"noreferrer noopener\"><img decoding=\"async\" style=\"width: 35px;\" src=\"https:\/\/isfd6015-sal.infd.edu.ar\/sitio\/wp-content\/uploads\/2024\/07\/descargar-2.png\" alt=\"\"><\/a><\/td><\/tr><tr><td>2.14<\/td><td>FARMACOLOG\u00cdA PARA ENFERMER\u00cdA<\/td><td class=\"has-text-align-center\" data-align=\"center\"><\/td><td class=\"has-text-align-center\" data-align=\"center\"><a rel=\"noreferrer noopener\" href=\"https:\/\/drive.google.com\/file\/d\/1jnlqxXYdQTgZHyR0l_do7TZJ6NfRkPJZ\/view?usp=sharing\" target=\"_blank\"><img decoding=\"async\" style=\"width: 35px;\" src=\"https:\/\/isfd6015-sal.infd.edu.ar\/sitio\/wp-content\/uploads\/2024\/07\/pngwing.com_.png\" alt=\"no disponible\"><\/a><\/td><\/tr><tr><td>2.15<\/td><td>BIOESTAD\u00cdSTICA Y EPIDEMIOLOG\u00cdA REGIONAL<\/td><td class=\"has-text-align-center\" data-align=\"center\"><\/td><td class=\"has-text-align-center\" data-align=\"center\"><img decoding=\"async\" style=\"width: 35px;\" src=\"https:\/\/isfd6015-sal.infd.edu.ar\/sitio\/wp-content\/uploads\/2024\/07\/pngwing.com_.png\" alt=\"no disponible\"><\/td><\/tr><tr><td>2.16<\/td><td><a href=\"https:\/\/drive.google.com\/file\/d\/1CmO13wenZeMN82yFruw3U3lS15ngQ8gv\/view?usp=sharing\" target=\"_blank\" rel=\"noreferrer noopener\">ENFERMER\u00cdA MATERNO INFANTO JUVENIL<\/a><\/td><td class=\"has-text-align-center\" data-align=\"center\">2023<\/td><td class=\"has-text-align-center\" data-align=\"center\"><a href=\"https:\/\/drive.google.com\/file\/d\/1CmO13wenZeMN82yFruw3U3lS15ngQ8gv\/view?usp=sharing\" target=\"_blank\" rel=\"noreferrer noopener\"><img decoding=\"async\" style=\"width: 35px;\" src=\"https:\/\/isfd6015-sal.infd.edu.ar\/sitio\/wp-content\/uploads\/2024\/07\/descargar-2.png\" alt=\"\"><\/a><\/td><\/tr><tr><td>2.17<\/td><td>ENFERMER\u00cdA EN SALUD MENTAL Y PSIQUIATR\u00cdA<\/td><td class=\"has-text-align-center\" data-align=\"center\"><\/td><td class=\"has-text-align-center\" data-align=\"center\"><img decoding=\"async\" style=\"width: 35px;\" src=\"https:\/\/isfd6015-sal.infd.edu.ar\/sitio\/wp-content\/uploads\/2024\/07\/pngwing.com_.png\" alt=\"no disponible\"><\/td><\/tr><tr><td>2.18<\/td><td>ENFERMER\u00cdA COMUNITARIA<\/td><td class=\"has-text-align-center\" data-align=\"center\"><\/td><td class=\"has-text-align-center\" data-align=\"center\"><a rel=\"noreferrer noopener\" href=\"https:\/\/drive.google.com\/file\/d\/1lpJg6gP3tZ2yav2I82Y7D61s9z_twMVb\/view?usp=sharing\" target=\"_blank\"><img decoding=\"async\" style=\"width: 35px;\" src=\"https:\/\/isfd6015-sal.infd.edu.ar\/sitio\/wp-content\/uploads\/2024\/07\/pngwing.com_.png\" alt=\"no disponible\"><\/a><\/td><\/tr><tr><td>2.19<\/td><td><a href=\"https:\/\/drive.google.com\/file\/d\/18Yelo22634cWqwMsXi1GxvXwnQwVZbMj\/view?usp=sharing\" target=\"_blank\" rel=\"noreferrer noopener\">PRIMEROS AUXILIOS Y ATENCI\u00d3N PREHOSPITALARIA<\/a><\/td><td class=\"has-text-align-center\" data-align=\"center\">2024<\/td><td class=\"has-text-align-center\" data-align=\"center\"><a href=\"https:\/\/drive.google.com\/file\/d\/18Yelo22634cWqwMsXi1GxvXwnQwVZbMj\/view?usp=sharing\" target=\"_blank\" rel=\"noreferrer noopener\"><img decoding=\"async\" style=\"width: 35px;\" src=\"https:\/\/isfd6015-sal.infd.edu.ar\/sitio\/wp-content\/uploads\/2024\/07\/descargar-2.png\" alt=\"\"><\/a><\/td><\/tr><tr><td>2.20<\/td><td>PR\u00c1CTICA PROFESIONAL II LA ATENCI\u00d3N INTEGRAL DE LA MADRE EL<\/td><td class=\"has-text-align-center\" data-align=\"center\"><\/td><td class=\"has-text-align-center\" data-align=\"center\"><img decoding=\"async\" style=\"width: 35px;\" src=\"https:\/\/isfd6015-sal.infd.edu.ar\/sitio\/wp-content\/uploads\/2024\/07\/pngwing.com_.png\" alt=\"no disponible\"><\/td><\/tr><tr><td>3.21<\/td><td>LENGUA Y CULTURA IND\u00cdGENA III MEDIACI\u00d3N, TRADUCCI\u00d3N E<\/td><td class=\"has-text-align-center\" data-align=\"center\"><\/td><td class=\"has-text-align-center\" data-align=\"center\"><a rel=\"noreferrer noopener\" href=\"https:\/\/drive.google.com\/file\/d\/1OT6EMTlCpGbO65RodUjXN_pjhwxImCox\/view?usp=sharing\" target=\"_blank\"><img decoding=\"async\" style=\"width: 35px;\" src=\"https:\/\/isfd6015-sal.infd.edu.ar\/sitio\/wp-content\/uploads\/2024\/07\/pngwing.com_.png\" alt=\"no disponible\"><\/a><\/td><\/tr><tr><td>3.22<\/td><td>SALUD SEXUAL INTEGRAL<\/td><td class=\"has-text-align-center\" data-align=\"center\"><\/td><td class=\"has-text-align-center\" data-align=\"center\"><a rel=\"noreferrer noopener\" href=\"https:\/\/drive.google.com\/file\/d\/1C3HBM-VrUacssztjzNBVBkfBlvHDLx2m\/view?usp=sharing\" target=\"_blank\"><img decoding=\"async\" style=\"width: 35px;\" src=\"https:\/\/isfd6015-sal.infd.edu.ar\/sitio\/wp-content\/uploads\/2024\/07\/pngwing.com_.png\" alt=\"no disponible\"><\/a><\/td><\/tr><tr><td>3.23<\/td><td><a href=\"https:\/\/drive.google.com\/file\/d\/10l0fc5Gwe5YbENc39sywtcbDvJVgczrA\/view?usp=sharing\" target=\"_blank\" rel=\"noreferrer noopener\">ENFERMER\u00cdA QUIR\u00daRGICA<\/a><\/td><td class=\"has-text-align-center\" data-align=\"center\">2024<\/td><td class=\"has-text-align-center\" data-align=\"center\"><a href=\"https:\/\/drive.google.com\/file\/d\/10l0fc5Gwe5YbENc39sywtcbDvJVgczrA\/view?usp=sharing\" target=\"_blank\" rel=\"noreferrer noopener\"><img decoding=\"async\" style=\"width: 35px;\" src=\"https:\/\/isfd6015-sal.infd.edu.ar\/sitio\/wp-content\/uploads\/2024\/07\/descargar-2.png\" alt=\"\"><\/a><\/td><\/tr><tr><td>3.24<\/td><td>ORGANIZACI\u00d3N Y GESTI\u00d3N DE SERVICIOS DE ENFERMER\u00cdA<\/td><td class=\"has-text-align-center\" data-align=\"center\"><\/td><td class=\"has-text-align-center\" data-align=\"center\"><a rel=\"noreferrer noopener\" href=\"https:\/\/drive.google.com\/file\/d\/1s_YOIG-RwG7PrZ9NEenQXwQmmt7XKPpx\/view?usp=sharing\" target=\"_blank\"><img decoding=\"async\" style=\"width: 35px;\" src=\"https:\/\/isfd6015-sal.infd.edu.ar\/sitio\/wp-content\/uploads\/2024\/07\/pngwing.com_.png\" alt=\"no disponible\"><\/a><\/td><\/tr><tr><td>3.25<\/td><td><a href=\"https:\/\/drive.google.com\/file\/d\/1OuNVMVyCe1PNkQcd19tB4XDYnzC_1jp3\/view?usp=sharing\">NUTRICI\u00d3N Y SOBERAN\u00cdA ALIMENTARIA<\/a><\/td><td class=\"has-text-align-center\" data-align=\"center\">2024<\/td><td class=\"has-text-align-center\" data-align=\"center\"><a href=\"https:\/\/drive.google.com\/file\/d\/1OuNVMVyCe1PNkQcd19tB4XDYnzC_1jp3\/view?usp=sharing\" target=\"_blank\" rel=\"noreferrer noopener\"><img decoding=\"async\" style=\"width: 35px;\" src=\"https:\/\/isfd6015-sal.infd.edu.ar\/sitio\/wp-content\/uploads\/2024\/07\/descargar-2.png\" alt=\"\"><\/a><\/td><\/tr><tr><td>3.26<\/td><td>SALUD INTERCULTURAL<\/td><td class=\"has-text-align-center\" data-align=\"center\"><\/td><td class=\"has-text-align-center\" data-align=\"center\"><img decoding=\"async\" style=\"width: 35px;\" src=\"https:\/\/isfd6015-sal.infd.edu.ar\/sitio\/wp-content\/uploads\/2024\/07\/pngwing.com_.png\" alt=\"no disponible\"><\/td><\/tr><tr><td>3.27<\/td><td>ENFERMER\u00cdA DEL ADULTO Y EL ADULTO MAYOR<\/td><td class=\"has-text-align-center\" data-align=\"center\"><\/td><td class=\"has-text-align-center\" data-align=\"center\"><img decoding=\"async\" style=\"width: 35px;\" src=\"https:\/\/isfd6015-sal.infd.edu.ar\/sitio\/wp-content\/uploads\/2024\/07\/pngwing.com_.png\" alt=\"no disponible\"><\/td><\/tr><tr><td>3.28<\/td><td>ENFERMER\u00cdA Y CUIDADOS A LA FAMILIA<\/td><td class=\"has-text-align-center\" data-align=\"center\"><\/td><td class=\"has-text-align-center\" data-align=\"center\"><a rel=\"noreferrer noopener\" href=\"https:\/\/drive.google.com\/file\/d\/1LM4j3zy9R9VFMUvApXiz1wBMtqrT4qJl\/view?usp=sharing\" target=\"_blank\"><img decoding=\"async\" style=\"width: 35px;\" src=\"https:\/\/isfd6015-sal.infd.edu.ar\/sitio\/wp-content\/uploads\/2024\/07\/pngwing.com_.png\" alt=\"no disponible\"><\/a><\/td><\/tr><tr><td>3.29<\/td><td>PR\u00c1CTICA PROFESIONAL III CUIDADOS INTEGRALES DE ENFERMER\u00cdA AL<\/td><td class=\"has-text-align-center\" data-align=\"center\"><\/td><td class=\"has-text-align-center\" data-align=\"center\"><img decoding=\"async\" src=\"https:\/\/isfd6015-sal.infd.edu.ar\/sitio\/wp-content\/uploads\/2024\/07\/pngwing.com_.png\" alt=\"no disponible\" style=\"width: 35px;\"><\/td><\/tr><\/tbody><\/table><\/figure>\n","protected":false},"excerpt":{"rendered":"<p>Aqu\u00ed podr\u00e1s descargar los programas de la materias de la carrera del&nbsp;Tecnicatura Superior en Enfermer\u00eda Intercultural Biling\u00fce&nbsp;(Resoluci\u00f3n 091\/22).&nbsp;Selecciona la materia y hacer clic en descargar. # Materia A\u00f1o depresentaci\u00f3n Descargar programas 1.01 LENGUA Y CULTURA IND\u00cdGENA I: FORTALECIMIENTO DE LA ORALIDAD 2024 1.02 PSICOLOG\u00cdA 1.03 \u00c9TICA Y DEONTOLOG\u00cdA 1.04 F\u00cdSICA Y QU\u00cdMICA APLICADA A LA &#8230; <a title=\"Programas de las materias de la Tecnicatura Superior en Enfermer\u00eda Intercultural Biling\u00fce\" class=\"read-more\" href=\"https:\/\/isfd6015-sal.infd.edu.ar\/sitio\/programas-de-las-materias-de-la-tecnicatura-superior-en-enfermeria-intercultural-bilingue\/\" aria-label=\"More on Programas de las materias de la Tecnicatura Superior en Enfermer\u00eda Intercultural Biling\u00fce\">[+]<\/a><\/p>\n","protected":false},"author":9,"featured_media":0,"parent":0,"menu_order":0,"comment_status":"closed","ping_status":"closed","template":"","meta":[],"acf":[],"_links":{"self":[{"href":"https:\/\/isfd6015-sal.infd.edu.ar\/sitio\/wp-json\/wp\/v2\/pages\/2814"}],"collection":[{"href":"https:\/\/isfd6015-sal.infd.edu.ar\/sitio\/wp-json\/wp\/v2\/pages"}],"about":[{"href":"https:\/\/isfd6015-sal.infd.edu.ar\/sitio\/wp-json\/wp\/v2\/types\/page"}],"author":[{"embeddable":true,"href":"https:\/\/isfd6015-sal.infd.edu.ar\/sitio\/wp-json\/wp\/v2\/users\/9"}],"replies":[{"embeddable":true,"href":"https:\/\/isfd6015-sal.infd.edu.ar\/sitio\/wp-json\/wp\/v2\/comments?post=2814"}],"version-history":[{"count":16,"href":"https:\/\/isfd6015-sal.infd.edu.ar\/sitio\/wp-json\/wp\/v2\/pages\/2814\/revisions"}],"predecessor-version":[{"id":2975,"href":"https:\/\/isfd6015-sal.infd.edu.ar\/sitio\/wp-json\/wp\/v2\/pages\/2814\/revisions\/2975"}],"wp:attachment":[{"href":"https:\/\/isfd6015-sal.infd.edu.ar\/sitio\/wp-json\/wp\/v2\/media?parent=2814"}],"curies":[{"name":"wp","href":"https:\/\/api.w.org\/{rel}","templated":true}]}}