{"id":2647,"date":"2024-03-05T10:38:58","date_gmt":"2024-03-05T13:38:58","guid":{"rendered":"https:\/\/isfd6015-sal.infd.edu.ar\/sitio\/?page_id=2647"},"modified":"2026-03-04T13:35:22","modified_gmt":"2026-03-04T16:35:22","slug":"formularios","status":"publish","type":"page","link":"https:\/\/isfd6015-sal.infd.edu.ar\/sitio\/formularios\/","title":{"rendered":"Apto f\u00edsico-psicol\u00f3gico y fonoaudiol\u00f3gico &#8211; Formulario de Inscripci\u00f3n"},"content":{"rendered":"\n<p><strong><a rel=\"noreferrer noopener\" href=\"https:\/\/isfd6015-sal.infd.edu.ar\/sitio\/wp-content\/uploads\/2026\/03\/formulario-medicoISFD6015.pdf\" target=\"_blank\">Descarga aqu<\/a><a href=\"https:\/\/isfd6015-sal.infd.edu.ar\/sitio\/wp-content\/uploads\/2026\/03\/formulario-medicoISFD6015.pdf\" target=\"_blank\" rel=\"noreferrer noopener\">\u00ed<\/a><a rel=\"noreferrer noopener\" href=\"https:\/\/isfd6015-sal.infd.edu.ar\/sitio\/wp-content\/uploads\/2026\/03\/formulario-medicoISFD6015.pdf\" target=\"_blank\"> Apto \u2013 f\u00edsico psicol\u00f3gico y fonoaudiol\u00f3gico<\/a><\/strong><\/p>\n\n\n\n<figure class=\"wp-block-image\"><a href=\"https:\/\/drive.google.com\/file\/d\/1dZLsjE65LcSea7D9xOwYCCJbskHcU82s\/view?usp=share_link\" target=\"_blank\" rel=\"noreferrer noopener\"><img decoding=\"async\" loading=\"lazy\" width=\"409\" height=\"663\" src=\"https:\/\/isfd6015-sal.infd.edu.ar\/sitio\/wp-content\/uploads\/2018\/12\/cetificado_medico.png\" alt=\"\" class=\"wp-image-1158\"\/><\/a><\/figure>\n\n\n\n<p class=\"has-large-font-size\"><a rel=\"noreferrer noopener\" href=\"https:\/\/isfd6015-sal.infd.edu.ar\/sitio\/wp-content\/uploads\/2026\/03\/formulario-medicoISFD6015.pdf\" target=\"_blank\"><strong>Descargar aqu\u00ed<\/strong><\/a><\/p>\n\n\n\n<hr class=\"wp-block-separator has-alpha-channel-opacity\"\/>\n\n\n\n<p class=\"has-large-font-size\"><strong>Formulario de Inscripci\u00f3n<\/strong><\/p>\n\n\n\n<p><a rel=\"noreferrer noopener\" href=\"https:\/\/isfd6015-sal.infd.edu.ar\/sitio\/wp-content\/uploads\/2026\/03\/FORMULARIO-DE-INSCR-2026.docx_101315.pdf\" target=\"_blank\"><strong>Descargar aqu\u00ed el Formulario de Inscripci\u00f3n<\/strong><\/a><\/p>\n\n\n\n<figure class=\"wp-block-image size-full is-resized\"><a href=\"https:\/\/isfd6015-sal.infd.edu.ar\/sitio\/wp-content\/uploads\/2026\/03\/FORMULARIO-DE-INSCR-2026.docx_101315.pdf\" target=\"_blank\" rel=\"noreferrer noopener\"><img decoding=\"async\" loading=\"lazy\" src=\"https:\/\/isfd6015-sal.infd.edu.ar\/sitio\/wp-content\/uploads\/2026\/03\/FORMULARIO-DE-INSCR-2026.docx_101315_page-0001-1.jpg\" alt=\"\" class=\"wp-image-3443\" width=\"423\" height=\"448\" srcset=\"https:\/\/isfd6015-sal.infd.edu.ar\/sitio\/wp-content\/uploads\/2026\/03\/FORMULARIO-DE-INSCR-2026.docx_101315_page-0001-1.jpg 1111w, https:\/\/isfd6015-sal.infd.edu.ar\/sitio\/wp-content\/uploads\/2026\/03\/FORMULARIO-DE-INSCR-2026.docx_101315_page-0001-1-944x1000.jpg 944w, https:\/\/isfd6015-sal.infd.edu.ar\/sitio\/wp-content\/uploads\/2026\/03\/FORMULARIO-DE-INSCR-2026.docx_101315_page-0001-1-768x814.jpg 768w\" sizes=\"(max-width: 423px) 100vw, 423px\" \/><\/a><\/figure>\n\n\n\n<p class=\"has-large-font-size\"><strong><a href=\"https:\/\/isfd6015-sal.infd.edu.ar\/sitio\/wp-content\/uploads\/2026\/03\/FORMULARIO-DE-INSCR-2026.docx_101315.pdf\" target=\"_blank\" rel=\"noreferrer noopener\">Descargar aqu\u00ed<\/a><\/strong><\/p>\n","protected":false},"excerpt":{"rendered":"<p>Descarga aqu\u00ed Apto \u2013 f\u00edsico psicol\u00f3gico y fonoaudiol\u00f3gico Descargar aqu\u00ed Formulario de Inscripci\u00f3n Descargar aqu\u00ed el Formulario de Inscripci\u00f3n Descargar aqu\u00ed<\/p>\n","protected":false},"author":9,"featured_media":0,"parent":0,"menu_order":0,"comment_status":"closed","ping_status":"closed","template":"","meta":[],"acf":[],"_links":{"self":[{"href":"https:\/\/isfd6015-sal.infd.edu.ar\/sitio\/wp-json\/wp\/v2\/pages\/2647"}],"collection":[{"href":"https:\/\/isfd6015-sal.infd.edu.ar\/sitio\/wp-json\/wp\/v2\/pages"}],"about":[{"href":"https:\/\/isfd6015-sal.infd.edu.ar\/sitio\/wp-json\/wp\/v2\/types\/page"}],"author":[{"embeddable":true,"href":"https:\/\/isfd6015-sal.infd.edu.ar\/sitio\/wp-json\/wp\/v2\/users\/9"}],"replies":[{"embeddable":true,"href":"https:\/\/isfd6015-sal.infd.edu.ar\/sitio\/wp-json\/wp\/v2\/comments?post=2647"}],"version-history":[{"count":15,"href":"https:\/\/isfd6015-sal.infd.edu.ar\/sitio\/wp-json\/wp\/v2\/pages\/2647\/revisions"}],"predecessor-version":[{"id":3466,"href":"https:\/\/isfd6015-sal.infd.edu.ar\/sitio\/wp-json\/wp\/v2\/pages\/2647\/revisions\/3466"}],"wp:attachment":[{"href":"https:\/\/isfd6015-sal.infd.edu.ar\/sitio\/wp-json\/wp\/v2\/media?parent=2647"}],"curies":[{"name":"wp","href":"https:\/\/api.w.org\/{rel}","templated":true}]}}