{"id":2097,"date":"2021-08-02T14:23:03","date_gmt":"2021-08-02T17:23:03","guid":{"rendered":"https:\/\/isfd6015-sal.infd.edu.ar\/sitio\/?page_id=2097"},"modified":"2025-03-17T15:44:57","modified_gmt":"2025-03-17T18:44:57","slug":"programas-de-las-materias-del-profesorado-de-educacion-especial","status":"publish","type":"page","link":"https:\/\/isfd6015-sal.infd.edu.ar\/sitio\/programas-de-las-materias-del-profesorado-de-educacion-especial\/","title":{"rendered":"Programas de las materias del Profesorado de Educaci\u00f3n Especial"},"content":{"rendered":"\n<h6 class=\"wp-block-heading\">Programas de las materias<\/h6>\n\n\n\n<p>Aqu\u00ed podr\u00e1s descargar los programas de la materias de la carrera del&nbsp;<strong>Profesorado de Educaci\u00f3n Especial&nbsp;(Resoluci\u00f3n 4273\/19).&nbsp;<\/strong>Selecciona la materia y hacer clic en descargar.<\/p>\n\n\n\n<figure class=\"wp-block-table is-style-stripes\"><table><tbody><tr><td>N\u00b0<\/td><td><strong>Materias<\/strong><\/td><td><strong>Descargar programas<\/strong><\/td><\/tr><tr><td>1.1<\/td><td>Psicolog\u00eda Educacional<\/td><td><a href=\"https:\/\/1drv.ms\/b\/s!Asuv9k_s8mw1gSs2YWkhrRwjhcVX?e=OVCccN\" target=\"_blank\" rel=\"noreferrer noopener\">Descargar&nbsp;<\/a><\/td><\/tr><tr><td>1.2<\/td><td>Lectura y Escritura acad\u00e9mica<\/td><td><a rel=\"noreferrer noopener\" href=\"https:\/\/drive.google.com\/file\/d\/1rwDlJqPfpHAhaUubMOa-EnRpToyNJuwo\/view?usp=sharing\" target=\"_blank\">Descargar<\/a>&nbsp;<\/td><\/tr><tr><td>1.3<\/td><td>Did\u00e1ctica General<\/td><td><a rel=\"noreferrer noopener\" href=\"https:\/\/drive.google.com\/file\/d\/1fRcJIcRDfIIMgFYFte4FMgBjTKLODbk_\/view?usp=sharing\" target=\"_blank\">Descargar<\/a>&nbsp;<\/td><\/tr><tr><td>1.4<\/td><td>Historia Argentina y Latinoamericana<\/td><td><a rel=\"noreferrer noopener\" href=\"https:\/\/drive.google.com\/file\/d\/1tsX2SFoeFi7gFH6SGZvFV_ESrSGPYud7\/view?usp=sharing\" target=\"_blank\">Descargar<\/a>&nbsp;<\/td><\/tr><tr><td>1.5<\/td><td>Educaci\u00f3n Especial: Perspectivas y Estado Actual<\/td><td><a rel=\"noreferrer noopener\" href=\"https:\/\/drive.google.com\/file\/d\/1DvcMj4VujHX_3n068Krg3JUpK_3FiuKK\/view?usp=sharing\" target=\"_blank\">Descargar<\/a><\/td><\/tr><tr><td>1.6<\/td><td>Bases Neuropsicobiol\u00f3gicas del Desarrollo<\/td><td><a href=\"https:\/\/1drv.ms\/b\/s!Asuv9k_s8mw1gS4_fuJ-neWIoQ56?e=a1m402\" target=\"_blank\" rel=\"noreferrer noopener\">Descargar<\/a><\/td><\/tr><tr><td>1.7<\/td><td>Sujeto de la Educaci\u00f3n Especial<\/td><td><a rel=\"noreferrer noopener\" href=\"https:\/\/drive.google.com\/file\/d\/1hFYviQF5BFewKYQfTRF0ckUWKbodtTgw\/view?usp=sharing\" target=\"_blank\">Descargar<\/a><\/td><\/tr><tr><td>1.8<\/td><td>Comunicaci\u00f3n y Lenguaje<\/td><td><a rel=\"noreferrer noopener\" href=\"https:\/\/drive.google.com\/file\/d\/1BgkDRiE1ZKDQ7ovg0K4WzfYzAUEW30gi\/view?usp=sharing\" target=\"_blank\">Descargar<\/a><\/td><\/tr><tr><td>1.9<\/td><td>Expresi\u00f3n Dram\u00e1tica y comunicaci\u00f3n<\/td><td><a href=\"https:\/\/1drv.ms\/b\/s!Asuv9k_s8mw1gSzcd5bTwuGs8OA7?e=yyBkZS\" target=\"_blank\" rel=\"noreferrer noopener\">Descargar<\/a><\/td><\/tr><tr><td>1.10<\/td><td>Pr\u00e1ctica Docente I: Contexto, Comunidad y Escuela<\/td><td><a rel=\"noreferrer noopener\" href=\"https:\/\/drive.google.com\/file\/d\/1E9Yyv0tzEIfy4t3EqZASVDCgE36WNWui\/view?usp=sharing\" target=\"_blank\">Descargar<\/a><\/td><\/tr><tr><td>2.11<\/td><td>Pedagog\u00eda<\/td><td><a rel=\"noreferrer noopener\" href=\"https:\/\/drive.google.com\/file\/d\/1Kg7wO9FX8x7ftrEQh4Z3DcMm94jFR0IR\/view?usp=sharing\" target=\"_blank\">Descargar<\/a><\/td><\/tr><tr><td>2.12<\/td><td>Tecnolog\u00eda de la Informaci\u00f3n y la Comunicaci\u00f3n \u2013 TICs<\/td><td><a rel=\"noreferrer noopener\" href=\"https:\/\/drive.google.com\/file\/d\/1Ir6joNs1qVtnne0lo09ZBWLPF3Z7woja\/view?usp=sharing\" target=\"_blank\">Descargar<\/a><\/td><\/tr><tr><td>2.13<\/td><td>Historia y Pol\u00edtica de la Educaci\u00f3n Argentina<\/td><td><a href=\"https:\/\/1drv.ms\/b\/s!Asuv9k_s8mw1gS2Q5p9YMn7FLJ92?e=ydKyPe\" target=\"_blank\" rel=\"noreferrer noopener\">Descargar<\/a><\/td><\/tr><tr><td>2.14<\/td><td>Lengua y Literatura y su did\u00e1ctica<\/td><td><a rel=\"noreferrer noopener\" href=\"https:\/\/drive.google.com\/file\/d\/1fUT1c5F-Lc1kjlAN3b219OmmT6QcvtCf\/view?usp=sharing\" target=\"_blank\">Descargar<\/a><\/td><\/tr><tr><td>2.15<\/td><td>Matem\u00e1tica y su did\u00e1ctica<\/td><td><a rel=\"noreferrer noopener\" href=\"https:\/\/drive.google.com\/file\/d\/19-CcU6rw08x_9TjUtmlwN1AKVUEx6qDA\/view?usp=sharing\" target=\"_blank\">Descargar<\/a><\/td><\/tr><tr><td>2.16<\/td><td>Abordaje Pedag\u00f3gico en Sujetos con Discapacidad Intelectual I<\/td><td><a rel=\"noreferrer noopener\" href=\"https:\/\/drive.google.com\/file\/d\/1CAMLR3vC22sXoAfc7I1ZIIjCv5mz4hzM\/view?usp=sharing\" target=\"_blank\">Descargar<\/a><\/td><\/tr><tr><td>2.17<\/td><td>Educaci\u00f3n Art\u00edstica y su Did\u00e1ctica: Lenguaje Pl\u00e1stico Visual<\/td><td><a rel=\"noreferrer noopener\" href=\"https:\/\/drive.google.com\/file\/d\/1eVCXnvkVlUCKyURiXJ3nQLQfaKHGD0i3\/view?usp=sharing\" target=\"_blank\">Descargar<\/a><\/td><\/tr><tr><td>2.18<\/td><td>Pr\u00e1ctica Docente II: Gesti\u00f3n Institucional, Curr\u00edculum y Ense\u00f1anza<\/td><td><a rel=\"noreferrer noopener\" href=\"https:\/\/drive.google.com\/file\/d\/1E9Yyv0tzEIfy4t3EqZASVDCgE36WNWui\/view?usp=sharing\" target=\"_blank\">Descargar<\/a><\/td><\/tr><tr><td>3.19<\/td><td>Sociolog\u00eda de la educaci\u00f3n<\/td><td><a rel=\"noreferrer noopener\" href=\"https:\/\/drive.google.com\/file\/d\/1fr3j0PQgVihGNVdk47yP7mVVqO4dif7p\/view?usp=sharing\" target=\"_blank\">Descargar<\/a><\/td><\/tr><tr><td>3.20<\/td><td>Educaci\u00f3n Sexual Integral<\/td><td><a rel=\"noreferrer noopener\" href=\"https:\/\/drive.google.com\/file\/d\/1VMaBqvv4iLVIWa0b6wHSWtAyMG1fCLge\/view?usp=sharing\" target=\"_blank\">Descargar<\/a><\/td><\/tr><tr><td>3.21<\/td><td>Ciencias Naturales y su Did\u00e1ctica<\/td><td><a rel=\"noreferrer noopener\" href=\"https:\/\/drive.google.com\/file\/d\/1w_MIHtiR_JQaC4dqnQ-K2HaRCa9FDLwE\/view?usp=sharing\" target=\"_blank\">Descargar<\/a><\/td><\/tr><tr><td>3.22<\/td><td>Ciencias Sociales y su Did\u00e1ctica<\/td><td><a href=\"https:\/\/drive.google.com\/file\/d\/1A6lFqiqKbAZEuUCD8QPPM3u4x4i577WO\/view?usp=sharing\" target=\"_blank\" rel=\"noreferrer noopener\">Descargar<\/a><\/td><\/tr><tr><td>3.23<\/td><td>Abordaje Pedag\u00f3gico en Sujetos con Discapacidad Intelectual II<\/td><td><a rel=\"noreferrer noopener\" href=\"https:\/\/drive.google.com\/file\/d\/1ZqNEOPjxV2KhVGXE7pxT7i7hhsw8i4du\/view?usp=sharing\" target=\"_blank\">Descargar<\/a><\/td><\/tr><tr><td>3.24<\/td><td>Inclusi\u00f3n Educativa<\/td><td><a href=\"https:\/\/drive.google.com\/file\/d\/1QcUVY23wbruRAtpZ9uWtGxJn3Qem1kzw\/view?usp=sharing\" target=\"_blank\" rel=\"noreferrer noopener\">Descargar<\/a><\/td><\/tr><tr><td>3.25<\/td><td>Educaci\u00f3n Temprana<\/td><td>No disponible<\/td><\/tr><tr><td>3.26<\/td><td>Alfabetizaci\u00f3n Inicial<\/td><td>No disponible<\/td><\/tr><tr><td>3.27<\/td><td>Pr\u00e1ctica Docente III: Practica de la ense\u00f1anza<\/td><td><a rel=\"noreferrer noopener\" href=\"https:\/\/drive.google.com\/file\/d\/1FyhSlvPa5GCXQlyPZlf0SZnvMCYokjhA\/view?usp=sharing\" target=\"_blank\">Descargar<\/a><\/td><\/tr><tr><td>4.28<\/td><td>Filosof\u00eda<\/td><td><a href=\"https:\/\/drive.google.com\/file\/d\/1RzUE1Z5OnBcE_8Dk5CGaf0EIDwDZ8nEf\/view?usp=sharing\" target=\"_blank\" rel=\"noreferrer noopener\">Descargar<\/a><\/td><\/tr><tr><td>4.29<\/td><td>\u00c9tica y Deontolog\u00eda de la profesi\u00f3n Docente<\/td><td>No disponible&nbsp;<\/td><\/tr><tr><td>4.30<\/td><td>Educaci\u00f3n Art\u00edstica y su Did\u00e1ctica: Lenguaje Musical<\/td><td><a rel=\"noreferrer noopener\" href=\"https:\/\/1drv.ms\/b\/s!Asuv9k_s8mw1gTsuR6ce_jMKapSD?e=JbaMXg\" target=\"_blank\">No disponible<\/a><\/td><\/tr><tr><td>4.31<\/td><td>Talleres rotativos de la Educaci\u00f3n Art\u00edstica y su Did\u00e1ctica: Lenguaje Corporal M\u00faltiple<\/td><td>No disponible&nbsp;<\/td><\/tr><tr><td>4.32<\/td><td>Abordaje Pedag\u00f3gico en Sujetos con Discapacidad M\u00faltiple<\/td><td>No disponible&nbsp;<\/td><\/tr><tr><td>4.33<\/td><td>Tecnolog\u00eda Educativa Inclusiva<\/td><td>No disponible&nbsp;<\/td><\/tr><tr><td>4.34<\/td><td>Trayectorias Educativas en Adolescentes y J\u00f3venes con Discapacidad<\/td><td>No disponible&nbsp;<\/td><\/tr><tr><td>4.35<\/td><td>EDI<\/td><td>No disponible&nbsp;<\/td><\/tr><tr><td>4.36<\/td><td>Pr\u00e1ctica Docente IV: Residencia<\/td><td><a rel=\"noreferrer noopener\" href=\"https:\/\/drive.google.com\/file\/d\/1oI_hOiQR_r6ZaM0I7ZGqISSfqmeQuJnf\/view?usp=sharing\" target=\"_blank\">Descargar<\/a><\/td><\/tr><\/tbody><\/table><\/figure>\n\n\n\n<p>Aqu\u00ed podr\u00e1s descargar los programas de la materias de la carrera del<strong>&nbsp;Profesorado de Educaci\u00f3n Especial&nbsp;(Resoluci\u00f3n 539\/09).&nbsp;<\/strong>Selecciona la materia y hacer clic en descargar.<\/p>\n\n\n\n<figure class=\"wp-block-table\"><table><tbody><tr><td>#<\/td><td><strong>Materias<\/strong><\/td><td><strong>Descargar programas<\/strong><\/td><\/tr><tr><td>1.1<\/td><td>Psicolog\u00eda Educacional<\/td><td><a rel=\"noreferrer noopener\" href=\"https:\/\/1drv.ms\/b\/s!Asuv9k_s8mw1gSs2YWkhrRwjhcVX?e=OVCccN\" target=\"_blank\">Descargar&nbsp;<\/a><\/td><\/tr><tr><td>1.2<\/td><td>Lectura y Escritura<\/td><td><a rel=\"noreferrer noopener\" href=\"https:\/\/drive.google.com\/file\/d\/1rwDlJqPfpHAhaUubMOa-EnRpToyNJuwo\/view?usp=sharing\" target=\"_blank\">Descargar<\/a><\/td><\/tr><tr><td>1.3<\/td><td>Did\u00e1ctica General<\/td><td><a rel=\"noreferrer noopener\" href=\"https:\/\/drive.google.com\/file\/d\/1fRcJIcRDfIIMgFYFte4FMgBjTKLODbk_\/view?usp=sharing\" target=\"_blank\">Descargar<\/a><\/td><\/tr><tr><td>1.4<\/td><td>Historia Argentina y Latinoamericana<\/td><td><a rel=\"noreferrer noopener\" href=\"https:\/\/drive.google.com\/file\/d\/1tsX2SFoeFi7gFH6SGZvFV_ESrSGPYud7\/view?usp=sharing\" target=\"_blank\">Descargar<\/a><\/td><\/tr><tr><td>1.5<\/td><td>Problem\u00e1tica Contempor\u00e1nea de la<br>Educaci\u00f3n Especial<\/td><td>No disponible<\/td><\/tr><tr><td>1.6<\/td><td>Bases Neuropsicobiol\u00f3gicas del Desarrollo<\/td><td><a rel=\"noreferrer noopener\" href=\"https:\/\/1drv.ms\/b\/s!Asuv9k_s8mw1gS4_fuJ-neWIoQ56?e=a1m402\" target=\"_blank\">Descargar<\/a>&nbsp;<\/td><\/tr><tr><td>1.7<\/td><td>Sujeto de la Educaci\u00f3n Especial<\/td><td><a rel=\"noreferrer noopener\" href=\"https:\/\/drive.google.com\/file\/d\/1hFYviQF5BFewKYQfTRF0ckUWKbodtTgw\/view?usp=sharing\" target=\"_blank\">Descargar<\/a><\/td><\/tr><tr><td>1.8<\/td><td>Comunicaci\u00f3n y Lenguaje<\/td><td><a rel=\"noreferrer noopener\" href=\"https:\/\/drive.google.com\/file\/d\/1BgkDRiE1ZKDQ7ovg0K4WzfYzAUEW30gi\/view?usp=sharing\" target=\"_blank\">Descargar<\/a><\/td><\/tr><tr><td>1.9<\/td><td>Propuesta Complementaria o Variable<\/td><td>No disponible<\/td><\/tr><tr><td>1.10<\/td><td>Pr\u00e1ctica Docente I: Contexto, Comunidad y Escuela<\/td><td><a rel=\"noreferrer noopener\" href=\"https:\/\/drive.google.com\/file\/d\/1E9Yyv0tzEIfy4t3EqZASVDCgE36WNWui\/view?usp=sharing\" target=\"_blank\">Descargar<\/a><\/td><\/tr><tr><td>1.11<\/td><td>M\u00e9todo y t\u00e9cnica de Indagaci\u00f3n<\/td><td><a rel=\"noreferrer noopener\" href=\"https:\/\/drive.google.com\/file\/d\/1E9Yyv0tzEIfy4t3EqZASVDCgE36WNWui\/view?usp=sharing\" target=\"_blank\">Descargar<\/a><\/td><\/tr><tr><td>1.12<\/td><td>Instituciones Educativas<\/td><td><a rel=\"noreferrer noopener\" href=\"https:\/\/drive.google.com\/file\/d\/1E9Yyv0tzEIfy4t3EqZASVDCgE36WNWui\/view?usp=sharing\" target=\"_blank\">Descargar<\/a><\/td><\/tr><tr><td>2.13<\/td><td>Tecnolog\u00eda de la Informaci\u00f3n y la Comunicaci\u00f3n \u2013 TICs<\/td><td><a rel=\"noreferrer noopener\" href=\"https:\/\/drive.google.com\/file\/d\/1Ir6joNs1qVtnne0lo09ZBWLPF3Z7woja\/view?usp=sharing\" target=\"_blank\">Descargar<\/a><\/td><\/tr><tr><td>2.14<\/td><td>Historia y Pol\u00edtica de la Educaci\u00f3n Argentina<\/td><td>&nbsp;<a rel=\"noreferrer noopener\" href=\"https:\/\/1drv.ms\/b\/s!Asuv9k_s8mw1gS2Q5p9YMn7FLJ92?e=ydKyPe\" target=\"_blank\">Descargar<\/a><\/td><\/tr><tr><td>2.15<\/td><td>Pedagog\u00eda<\/td><td><a rel=\"noreferrer noopener\" href=\"https:\/\/drive.google.com\/file\/d\/1Kg7wO9FX8x7ftrEQh4Z3DcMm94jFR0IR\/view?usp=sharing\" target=\"_blank\">Descargar<\/a><\/td><\/tr><tr><td>2.16<\/td><td>Ciencias Sociales y su did\u00e1ctica<\/td><td><a href=\"https:\/\/drive.google.com\/file\/d\/1A6lFqiqKbAZEuUCD8QPPM3u4x4i577WO\/view?usp=sharing\" target=\"_blank\" rel=\"noreferrer noopener\">Descargar<\/a><\/td><\/tr><tr><td>2.17<\/td><td>Lengua y Literatura y su did\u00e1ctica<\/td><td><a rel=\"noreferrer noopener\" href=\"https:\/\/drive.google.com\/file\/d\/1fUT1c5F-Lc1kjlAN3b219OmmT6QcvtCf\/view?usp=sharing\" target=\"_blank\">Descargar<\/a><\/td><\/tr><tr><td>2.18<\/td><td>Matem\u00e1tica y su did\u00e1ctica<\/td><td><a href=\"https:\/\/drive.google.com\/file\/d\/1XgeCpgQtxs0kF6WWijgujkP3PThwGuOe\/view?usp=sharing\" target=\"_blank\" rel=\"noreferrer noopener\">Descargar<\/a><\/td><\/tr><tr><td>2.19<\/td><td>Abordaje Pedag\u00f3gico en Sujetos con Discapacidad Intelectual I<\/td><td><a rel=\"noreferrer noopener\" href=\"https:\/\/drive.google.com\/file\/d\/1CAMLR3vC22sXoAfc7I1ZIIjCv5mz4hzM\/view?usp=sharing\" target=\"_blank\">Descargar<\/a><\/td><\/tr><tr><td>2.20<\/td><td>Pr\u00e1ctica Docente II: Gesti\u00f3n Institucional y Curricular<\/td><td><a rel=\"noreferrer noopener\" href=\"https:\/\/drive.google.com\/file\/d\/1xIIxagZpOTgiJN4d1Fgku9-ss34xqD7q\/view?usp=sharing\" target=\"_blank\">Descargar<\/a><\/td><\/tr><tr><td>2.20.1<\/td><td>Pr\u00e1ctica Docente II: Gesti\u00f3n Institucional y Curricular (Reglamento)<\/td><td><a rel=\"noreferrer noopener\" href=\"https:\/\/drive.google.com\/file\/d\/1No-Lq-Lzhra5FVh-kinldkEsLzFza16E\/view?usp=sharing\" target=\"_blank\">Descargar<\/a><\/td><\/tr><tr><td>2.21<\/td><td>Curriculum y Organizadores Escolares<\/td><td><a rel=\"noreferrer noopener\" href=\"https:\/\/drive.google.com\/file\/d\/1xIIxagZpOTgiJN4d1Fgku9-ss34xqD7q\/view?usp=sharing\" target=\"_blank\">Descargar<\/a><\/td><\/tr><tr><td>2.22<\/td><td>Programaci\u00f3n de la Ense\u00f1anza<\/td><td><a rel=\"noreferrer noopener\" href=\"https:\/\/drive.google.com\/file\/d\/1xIIxagZpOTgiJN4d1Fgku9-ss34xqD7q\/view?usp=sharing\" target=\"_blank\">Descargar<\/a><\/td><\/tr><tr><td>3.23<\/td><td>Filosof\u00eda<\/td><td>No disponible&nbsp;<\/td><\/tr><tr><td>3.24<\/td><td>Sociolog\u00eda de la educaci\u00f3n<\/td><td><a rel=\"noreferrer noopener\" href=\"https:\/\/drive.google.com\/file\/d\/1fr3j0PQgVihGNVdk47yP7mVVqO4dif7p\/view?usp=sharing\" target=\"_blank\">Descargar<\/a><\/td><\/tr><tr><td>3.25<\/td><td>Propuesta variable complementaria: Atenci\u00f3n Temprana<\/td><td><a rel=\"noreferrer noopener\" href=\"https:\/\/drive.google.com\/file\/d\/1TQI4Y9nXQcREYegxLbk973SY1dp9TRmZ\/view?usp=sharing\" target=\"_blank\">Descargar<\/a><\/td><\/tr><tr><td>3.26<\/td><td>Ciencias Naturales y su Did\u00e1ctica<\/td><td><a rel=\"noreferrer noopener\" href=\"https:\/\/drive.google.com\/file\/d\/1w_MIHtiR_JQaC4dqnQ-K2HaRCa9FDLwE\/view?usp=sharing\" target=\"_blank\">Descargar<\/a><\/td><\/tr><tr><td>3.27<\/td><td>Educaci\u00f3n Art\u00edstica y su Did\u00e1ctica: Lenguaje Pl\u00e1stico Visual<\/td><td><a rel=\"noreferrer noopener\" href=\"https:\/\/drive.google.com\/file\/d\/1eVCXnvkVlUCKyURiXJ3nQLQfaKHGD0i3\/view?usp=sharing\" target=\"_blank\">Descargar<\/a><\/td><\/tr><tr><td>3.28<\/td><td>Tecnolog\u00eda y su Did\u00e1ctica<\/td><td><a rel=\"noreferrer noopener\" href=\"https:\/\/drive.google.com\/file\/d\/1GGeCi9RP-fSwzV66788xmwZdZHTyaAmj\/view?usp=sharing\" target=\"_blank\">Descargar<\/a><\/td><\/tr><tr><td>3.29<\/td><td>Integraci\u00f3n Escolar<\/td><td>No disponible<\/td><\/tr><tr><td>3.30<\/td><td>Abordaje Pedag\u00f3gico en Sujetos con Discapacidad Intelectual II<\/td><td><a rel=\"noreferrer noopener\" href=\"https:\/\/drive.google.com\/file\/d\/1ZqNEOPjxV2KhVGXE7pxT7i7hhsw8i4du\/view?usp=sharing\" target=\"_blank\">Descargar<\/a><\/td><\/tr><tr><td>3.31<\/td><td>Propuesta Variable o Complementaria<\/td><td>No disponible<\/td><\/tr><tr><td>3.32<\/td><td>Pr\u00e1ctica Docente III: Practica de la ense\u00f1anza<\/td><td><a rel=\"noreferrer noopener\" href=\"https:\/\/drive.google.com\/file\/d\/1FyhSlvPa5GCXQlyPZlf0SZnvMCYokjhA\/view?usp=sharing\" target=\"_blank\">Descargar<\/a><\/td><\/tr><tr><td>3.33<\/td><td>Evaluaci\u00f3n de los Aprendizajes<\/td><td>&nbsp;No disponible<\/td><\/tr><tr><td>4.34<\/td><td>Formaci\u00f3n \u00c9tica y Ciudadana<\/td><td><a rel=\"noreferrer noopener\" href=\"https:\/\/drive.google.com\/file\/d\/1UMdaolGkr9RLnyyIrxyDwQwbTTiN63vo\/view?usp=sharing\" target=\"_blank\">Descargar<\/a><\/td><\/tr><tr><td>4.35<\/td><td>Propuesta Variable o Complementaria<\/td><td>&nbsp;No disponible&nbsp;<\/td><\/tr><tr><td>4.36<\/td><td>Multidiscapacidad<\/td><td><a rel=\"noreferrer noopener\" href=\"https:\/\/drive.google.com\/file\/d\/1maWr7VSBT_OIsAhA4lLPf36Zbnbdyr-N\/view?usp=sharing\" target=\"_blank\">Descargar<\/a><\/td><\/tr><tr><td>4.37<\/td><td>Educaci\u00f3n Sexual Integral y Discapacidad<\/td><td><a rel=\"noreferrer noopener\" href=\"https:\/\/drive.google.com\/file\/d\/1VMaBqvv4iLVIWa0b6wHSWtAyMG1fCLge\/view?usp=sharing\" target=\"_blank\">Descargar<\/a><\/td><\/tr><tr><td>4.38<\/td><td>Educaci\u00f3n Art\u00edstica y su Did\u00e1ctica: Lenguaje Corporal<\/td><td>&nbsp;No disponible&nbsp;<\/td><\/tr><tr><td>4.39<\/td><td>Formaci\u00f3n Laboral y Perspectiva Social de la Persona con Discapacidad Intelectual<\/td><td><a rel=\"noreferrer noopener\" href=\"https:\/\/drive.google.com\/file\/d\/1pU517unwLlSuBphujn_vLL9geTOG-YIr\/view?usp=sharing\" target=\"_blank\">Descargar<\/a><\/td><\/tr><tr><td>4.40<\/td><td>Propuesta Variable o complementaria: Musicoterapia<\/td><td><a rel=\"noreferrer noopener\" href=\"https:\/\/drive.google.com\/file\/d\/1EwT1yUKlAmF7VKnkXl847gFfI2nvYquz\/view?usp=sharing\" target=\"_blank\">Descargar<\/a><\/td><\/tr><tr><td>4.41<\/td><td>Pr\u00e1ctica Docente IV: Pr\u00e1ctica de la Ense\u00f1anza y Residencia<\/td><td><a rel=\"noreferrer noopener\" href=\"https:\/\/drive.google.com\/file\/d\/1oI_hOiQR_r6ZaM0I7ZGqISSfqmeQuJnf\/view?usp=sharing\" target=\"_blank\">Descargar<\/a><\/td><\/tr><tr><td>4.42<\/td><td>Sistematizaci\u00f3n de Experiencias: Taller&nbsp;\u00c1rea<br>Matem\u00e1tica<\/td><td><a rel=\"noreferrer noopener\" href=\"https:\/\/drive.google.com\/file\/d\/1cqOAclr5ne3jHr-oSFXJWQvPv98apoC9\/view?usp=sharing\" target=\"_blank\">Descargar<\/a><\/td><\/tr><tr><td>42.1<\/td><td>Sistematizaci\u00f3n de Experiencias&nbsp;Taller \u00c1rea<br>Ciencias Sociales<\/td><td><a rel=\"noreferrer noopener\" href=\"https:\/\/drive.google.com\/file\/d\/1kMoL1L6ZWZ77QDwqkv-_uF77FOv0gl-f\/view?usp=sharing\" target=\"_blank\">Descargar<\/a><\/td><\/tr><\/tbody><\/table><\/figure>\n","protected":false},"excerpt":{"rendered":"<p>Programas de las materias Aqu\u00ed podr\u00e1s descargar los programas de la materias de la carrera del&nbsp;Profesorado de Educaci\u00f3n Especial&nbsp;(Resoluci\u00f3n 4273\/19).&nbsp;Selecciona la materia y hacer clic en descargar. N\u00b0 Materias Descargar programas 1.1 Psicolog\u00eda Educacional Descargar&nbsp; 1.2 Lectura y Escritura acad\u00e9mica Descargar&nbsp; 1.3 Did\u00e1ctica General Descargar&nbsp; 1.4 Historia Argentina y Latinoamericana Descargar&nbsp; 1.5 Educaci\u00f3n Especial: Perspectivas &#8230; <a title=\"Programas de las materias del Profesorado de Educaci\u00f3n Especial\" class=\"read-more\" href=\"https:\/\/isfd6015-sal.infd.edu.ar\/sitio\/programas-de-las-materias-del-profesorado-de-educacion-especial\/\" aria-label=\"More on Programas de las materias del Profesorado de Educaci\u00f3n Especial\">[+]<\/a><\/p>\n","protected":false},"author":9,"featured_media":0,"parent":0,"menu_order":0,"comment_status":"closed","ping_status":"closed","template":"","meta":[],"acf":[],"_links":{"self":[{"href":"https:\/\/isfd6015-sal.infd.edu.ar\/sitio\/wp-json\/wp\/v2\/pages\/2097"}],"collection":[{"href":"https:\/\/isfd6015-sal.infd.edu.ar\/sitio\/wp-json\/wp\/v2\/pages"}],"about":[{"href":"https:\/\/isfd6015-sal.infd.edu.ar\/sitio\/wp-json\/wp\/v2\/types\/page"}],"author":[{"embeddable":true,"href":"https:\/\/isfd6015-sal.infd.edu.ar\/sitio\/wp-json\/wp\/v2\/users\/9"}],"replies":[{"embeddable":true,"href":"https:\/\/isfd6015-sal.infd.edu.ar\/sitio\/wp-json\/wp\/v2\/comments?post=2097"}],"version-history":[{"count":27,"href":"https:\/\/isfd6015-sal.infd.edu.ar\/sitio\/wp-json\/wp\/v2\/pages\/2097\/revisions"}],"predecessor-version":[{"id":3206,"href":"https:\/\/isfd6015-sal.infd.edu.ar\/sitio\/wp-json\/wp\/v2\/pages\/2097\/revisions\/3206"}],"wp:attachment":[{"href":"https:\/\/isfd6015-sal.infd.edu.ar\/sitio\/wp-json\/wp\/v2\/media?parent=2097"}],"curies":[{"name":"wp","href":"https:\/\/api.w.org\/{rel}","templated":true}]}}