{"id":1399,"date":"2019-11-28T02:01:04","date_gmt":"2019-11-28T05:01:04","guid":{"rendered":"https:\/\/isfd6015-sal.infd.edu.ar\/sitio\/?page_id=1399"},"modified":"2019-11-28T02:43:08","modified_gmt":"2019-11-28T05:43:08","slug":"profesorado-en-educacion-especial-con-orientacion-en-discapacidad-intelectual-res-4300-19","status":"publish","type":"page","link":"https:\/\/isfd6015-sal.infd.edu.ar\/sitio\/profesorado-en-educacion-especial-con-orientacion-en-discapacidad-intelectual-res-4300-19\/","title":{"rendered":"Profesorado en Educaci\u00f3n Especial con Orientaci\u00f3n en discapacidad Intelectual Res. 4273\/19"},"content":{"rendered":"<p><span data-mce-mark=\"1\"><strong>Titulo que otorga: <\/strong><\/span><span data-mce-mark=\"1\">Profesorado en Educaci\u00f3n Especial con Orientaci\u00f3n en discapacidad Intelectual.<\/span><\/p>\n<p><span data-mce-mark=\"1\"><strong>Duraci\u00f3n de la Carrera:<\/strong> 4 a\u00f1os<\/span><\/p>\n<p><strong>Titulo otorgado:<\/strong> <span data-mce-mark=\"1\">Profesor\/a de Educaci\u00f3n Especial con Orientaci\u00f3n en discapacidad Intelectual.<\/span><\/p>\n<p><span data-mce-mark=\"1\"><strong>Modalidad:<\/strong> Presencial<\/span><\/p>\n<p><span data-mce-mark=\"1\"><strong>\u00c1mbito a desempe\u00f1arse:<\/strong>\u00a0Todos a los niveles<\/span><\/p>\n<ul>\n<li>Nivel Inicial<\/li>\n<li>Nivel\u00a0Primario<\/li>\n<li>Nivel\u00a0Secundario<\/li>\n<\/ul>\n<p><strong>Objetivo de la carrera:<\/strong><\/p>\n<p><span data-mce-mark=\"1\">El profesorado de Educaci\u00f3n Especial tendr\u00e1 como\u00a0<strong>objetivos<\/strong>\u00a0que los futuros docentes:<\/span><\/p>\n<ul>\n<li><span data-mce-mark=\"1\">Reconozcan al sujeto de la educaci\u00f3n especial,\u00a0con una visi\u00f3n integral, reconociendo sus posibilidades de v\u00ednculos e\u00a0interacci\u00f3n con Otros.<\/span><\/li>\n<li><span data-mce-mark=\"1\">Construyan un marco interpretativo sobre el campo\u00a0de la educaci\u00f3n especial y los distintos paradigmas, con sus consecuentes\u00a0derivaciones sociales, culturales, institucionales y metodol\u00f3gicas,\u00a0profundizando en el conocimiento\u00a0 y\u00a0la comprensi\u00f3n de las principales problem\u00e1ticas que caracterizan los\u00a0contextos espec\u00edficos de actuaci\u00f3n profesional.<\/span><\/li>\n<li><span data-mce-mark=\"1\">Desarrollen una actitud reflexiva respecto de su\u00a0rol y del sentido que cobra la ense\u00f1anza en los distintos \u00e1mbitos de\u00a0incidencia de la educaci\u00f3n especial, con conciencia del car\u00e1cter pol\u00edtico,\u00a0social y \u00e9tico de su tarea docente, en la b\u00fasqueda de estrategias\u00a0educativas adecuadas para abordar la diversidad con las m\u00e1s altas\u00a0expectativas de logro para cada uno de los alumnos y con miras a la superaci\u00f3n de las desigualdades.<\/span><\/li>\n<\/ul>\n<p><strong><a title=\"Plan de estudios\" href=\"https:\/\/isfd6015-sal.infd.edu.ar\/sitio\/plan-de-estudios-pee-res-4300-19\/\">Plan de estudio de la carrera\u00a0<\/a><a title=\"Plan de estudios\" href=\"https:\/\/isfd6015-sal.infd.edu.ar\/sitio\/plan-de-estudios-pee-res-4300-19\/\"><img decoding=\"async\" loading=\"lazy\" class=\"alignnone\" src=\"https:\/\/isfd6015-sal.infd.edu.ar\/sitio\/wp-content\/uploads\/2018\/08\/Clic_aqui.png\" alt=\"clic aqui\" width=\"111\" height=\"37\" border=\"0\" \/><\/a><\/strong><\/p>\n","protected":false},"excerpt":{"rendered":"<p>Titulo que otorga: Profesorado en Educaci\u00f3n Especial con Orientaci\u00f3n en discapacidad Intelectual. Duraci\u00f3n de la Carrera: 4 a\u00f1os Titulo otorgado: Profesor\/a de Educaci\u00f3n Especial con Orientaci\u00f3n en discapacidad Intelectual. Modalidad: Presencial \u00c1mbito a desempe\u00f1arse:\u00a0Todos a los niveles Nivel Inicial Nivel\u00a0Primario Nivel\u00a0Secundario Objetivo de la carrera: El profesorado de Educaci\u00f3n Especial tendr\u00e1 como\u00a0objetivos\u00a0que los futuros docentes: &#8230; <a title=\"Profesorado en Educaci\u00f3n Especial con Orientaci\u00f3n en discapacidad Intelectual Res. 4273\/19\" class=\"read-more\" href=\"https:\/\/isfd6015-sal.infd.edu.ar\/sitio\/profesorado-en-educacion-especial-con-orientacion-en-discapacidad-intelectual-res-4300-19\/\" aria-label=\"More on Profesorado en Educaci\u00f3n Especial con Orientaci\u00f3n en discapacidad Intelectual Res. 4273\/19\">[+]<\/a><\/p>\n","protected":false},"author":9,"featured_media":0,"parent":0,"menu_order":0,"comment_status":"closed","ping_status":"closed","template":"","meta":[],"acf":[],"_links":{"self":[{"href":"https:\/\/isfd6015-sal.infd.edu.ar\/sitio\/wp-json\/wp\/v2\/pages\/1399"}],"collection":[{"href":"https:\/\/isfd6015-sal.infd.edu.ar\/sitio\/wp-json\/wp\/v2\/pages"}],"about":[{"href":"https:\/\/isfd6015-sal.infd.edu.ar\/sitio\/wp-json\/wp\/v2\/types\/page"}],"author":[{"embeddable":true,"href":"https:\/\/isfd6015-sal.infd.edu.ar\/sitio\/wp-json\/wp\/v2\/users\/9"}],"replies":[{"embeddable":true,"href":"https:\/\/isfd6015-sal.infd.edu.ar\/sitio\/wp-json\/wp\/v2\/comments?post=1399"}],"version-history":[{"count":3,"href":"https:\/\/isfd6015-sal.infd.edu.ar\/sitio\/wp-json\/wp\/v2\/pages\/1399\/revisions"}],"predecessor-version":[{"id":1411,"href":"https:\/\/isfd6015-sal.infd.edu.ar\/sitio\/wp-json\/wp\/v2\/pages\/1399\/revisions\/1411"}],"wp:attachment":[{"href":"https:\/\/isfd6015-sal.infd.edu.ar\/sitio\/wp-json\/wp\/v2\/media?parent=1399"}],"curies":[{"name":"wp","href":"https:\/\/api.w.org\/{rel}","templated":true}]}}